{"id":274,"date":"2022-05-16T06:51:44","date_gmt":"2022-05-16T06:51:44","guid":{"rendered":"https:\/\/batani.vn\/?post_type=product&#038;p=274"},"modified":"2022-06-12T14:23:47","modified_gmt":"2022-06-12T14:23:47","slug":"may-hut-mui-batani-ba-206ss","status":"publish","type":"product","link":"https:\/\/batani.vn\/?product=may-hut-mui-batani-ba-206ss","title":{"rendered":"M\u00e1y h\u00fat m\u00f9i Batani BA-206SS"},"content":{"rendered":"<h2>M\u00c1Y H\u00daT M\u00d9I C\u1ed4 \u0110I\u1ec2N | BATANI BA-206SS | INOX | 60CM | THI\u1ebeT K\u1ebe SANG TR\u1eccNG | H\u1ec6 \u0110I\u1ec0U KHI\u1ec2N PH\u00cdM B\u1ea4M | AN TO\u00c0N, B\u1ec0N B\u1ec8 V\u00c0 TI\u1ebeT KI\u1ec6M \u0110I\u1ec6N N\u0102NG | C\u00d9NG BATANI.VN T\u00ccM HI\u1ec2U K\u1ef8 H\u01a0N V\u1ec0 S\u1ea2N PH\u1ea8M N\u00c0Y.<\/h2>\n<p>Kh\u00f4ng gian b\u1ebfp l\u00e0 n\u01a1i sinh ho\u1ea1t h\u1eb1ng ng\u00e0y c\u1ee7a m\u1ecdi ng\u01b0\u1eddi trong gia \u0111\u00ecnh sau m\u1ed7i ng\u00e0y l\u00e0m vi\u1ec7c v\u00e0 h\u1ecdc t\u1eadp v\u1ea5t v\u1ea3. Nh\u01b0ng kh\u00f4ng gian b\u1ebfp th\u01b0\u1eddng s\u1ebd b\u1ecb v\u01b0\u1edbng m\u00f9i th\u1ee9c \u0103n v\u00e0 kh\u00f3i b\u1ee5i s\u1ebd khi\u1ebfn cho b\u1ea1n v\u00e0 ng\u01b0\u1eddi th\u00e2n th\u01b0\u1eddng c\u00f3 c\u1ea3m gi\u00e1c kh\u00f3 ch\u1ecbu khi v\u00e0o b\u1ebfp. Hi\u1ec3u \u0111\u01b0\u1ee3c \u0111i\u1ec1u \u0111\u00f3, ch\u00fang t\u00f4i s\u1ebd mang \u0111\u1ebfn b\u1ea1n chi\u1ebfc\u00a0m\u00e1y h\u00fat m\u00f9i Batani BA-206SS, v\u1edbi s\u1ea3n ph\u1ea9m n\u00e0y, b\u1ea1n s\u1ebd kh\u1ecfi b\u1eadn t\u00e2m v\u1ec1 nh\u1eefng \u0111i\u1ec1u kh\u00f3 ch\u1ecbu trong kh\u00f4ng gian nh\u00e0 b\u1ebfp, \u0111\u1ed3ng th\u1eddi gia \u0111\u00ecnh b\u1ea1n s\u1ebd \u0111\u01b0\u1ee3c s\u1ed1ng trong b\u1ea7u kh\u00f4ng kh\u00ed trong l\u00e0nh.<\/p>\n<p>K\u00edch th\u01b0\u1edbc c\u1ee7a\u00a0m\u00e1y h\u00fat kh\u00f3i kh\u1eed m\u00f9i\u00a0Batani BA-206SS\u00a0l\u00e0\u00a0<strong>60cm<\/strong>\u00a0gi\u00fap b\u1ea1n c\u00f3 th\u1ec3 k\u1ebft h\u1ee3p v\u1edbi chi\u1ebfc b\u1ebfp nh\u1ecf nh\u1eafn v\u1eeba t\u0103ng s\u1ef1 h\u00e0i h\u00f2a cho kh\u00f4ng gian b\u1ebfp v\u1eeba t\u1ea1o thu\u1eadn ti\u1ec7n cho vi\u1ec7c h\u00fat m\u00f9i c\u1ee7a m\u00e1y. Th\u00e2n\u00a0m\u00e1y h\u00fat m\u00f9i\u00a0\u0111\u01b0\u1ee3c l\u00e0m b\u1eb1ng ch\u1ea5t li\u1ec7u Inox v\u00e0 k\u1ebft h\u1ee3p v\u1edbi k\u00ednh gi\u00fap t\u0103ng \u0111\u1ed9 b\u1ec1n cho m\u00e1y, gi\u00fap m\u00e1y c\u00f3 tu\u1ed5i th\u1ecd cao h\u01a1n c\u00e1c d\u00f2ng m\u00e1y th\u00f4ng th\u01b0\u1eddng. T\u1ea5m l\u1ecdc m\u1ee1 c\u1ee7a m\u00e1y \u0111\u01b0\u1ee3c l\u00e0m b\u1eb1ng nh\u00f4m 5 l\u1edbp c\u00f9ng than ho\u1ea1t t\u00ednh c\u00f3 ch\u1ee9c n\u0103ng ng\u0103n ch\u1eb7n ch\u1eb7n l\u1ea1i m\u1ee1 t\u1eeb th\u1ee9c \u0103n bay l\u00ean, tr\u00e1nh nh\u1eefng v\u00e1ng m\u1ee1 n\u00e0y \u0111i v\u00e0o b\u00ean trong v\u00e0 b\u00e1m v\u00e0o \u0111\u1ed9ng c\u01a1 g\u00e2y \u1ea3nh h\u01b0\u1edfng v\u00e0 l\u00e0m h\u1ecfng m\u00e1y.<\/p>\n<p><img decoding=\"async\" src=\"https:\/\/hsn.vn\/images\/stories\/virtuemart\/product\/may-hut-mui-batani-ba-206ss.jpg\" alt=\"\" \/><\/p>\n<p>M\u00e1y h\u00fat m\u00f9i\u00a0Batani BA-206SS\u00a0s\u1eed d\u1ee5ng 2 momen xo\u1eafn c\u00f4ng su\u1ea5t\u00a0<strong>2 x 100W<\/strong>\u00a0gi\u00fap m\u00e1y ho\u1ea1t \u0111\u1ed9ng m\u1ea1nh m\u1ebd cho c\u00f4ng su\u1ea5t h\u00fat l\u00ean t\u1edbi\u00a0<strong>600m3\/h<\/strong>\u00a0n\u00ean ch\u1ec9 trong th\u1eddi gian ng\u0103n m\u00e1y c\u00f3 th\u1ec3 h\u00fat tri\u1ec7t \u0111\u1ec3 ho\u00e0n to\u00e0n m\u00f9i trong b\u1ebfp c\u1ee7a b\u1ea1n, gi\u00fap gia \u0111\u00ecnh b\u1ea1n c\u00f3 b\u1ea7u kh\u00f4ng kh\u00ed trong l\u00e0nh.<\/p>\n<p>S\u1ea3n ph\u1ea9m\u00a0m\u00e1y h\u00fat m\u00f9i\u00a0Batani BA-206SS\u00a0v\u1edbi ph\u00edm \u0111i\u1ec1u khi\u1ec3n b\u1eb1ng ph\u00edm nh\u1ea5n d\u1ec5 d\u00e0ng \u0111i\u1ec1u khi\u1ec3n gi\u00fap b\u1ea1n c\u00f3 th\u1ec3 \u0111i\u1ec1u ch\u1ec9nh \u0111\u01a1n gi\u1ea3n theo \u00fd mu\u1ed1n c\u1ee7a m\u00ecnh.\u00a0M\u00e1y h\u00fat kh\u00f3i kh\u1eed m\u00f9i\u00a0nh\u1edd \u0111\u01b0\u1ee3c trang b\u1ecb 2 ch\u1ebf \u0111\u1ed9 l\u00e0 h\u00fat \u0111\u1ea9y tr\u1ef1c ti\u1ebfp qua \u0111\u01b0\u1eddng \u1ed1ng kh\u00f3i v\u1edbi \u0111\u01b0\u1eddng k\u00ednh\u00a0<strong>12cm<\/strong>\u00a0v\u00e0 h\u00fat kh\u1eed m\u00f9i b\u1eb1ng than ho\u1ea1t t\u00ednh v\u00f4 c\u00f9ng ti\u1ec7n l\u1ee3i m\u00e0 vi\u1ec7c x\u1eed l\u00ed m\u00f9i h\u00f4i b\u1ee5i b\u1ea9n \u0111\u01b0\u1ee3c d\u1ec5 d\u00e0ng h\u01a1n. \u0110\u1eb7c bi\u1ec7t, \u0111\u1ed9 \u1ed3n c\u1ee7a m\u00e1y h\u00fat m\u00f9i\u00a0Batani BA-206SS\u00a0r\u1ea5t th\u1ea5p ch\u1ec9 c\u00f3\u00a0<strong>55dB<\/strong>, \u0111i\u1ec1u n\u00e0y l\u00e0m m\u00e1y ch\u1ea1y \u00eam h\u01a1n nhi\u1ec1u so v\u1edbi c\u00e1c th\u01b0\u01a1ng hi\u1ec7u m\u00e1y h\u00fat kh\u1eed m\u00f9i kh\u00e1c.<\/p>\n<h2>TH\u00d4NG S\u1ed0 K\u1ef8 THU\u1eacT<\/h2>\n<ul>\n<li>K\u00edch th\u01b0\u1edbc: R600 x S500 x C140 mm<\/li>\n<li>S\u1ed1 Motor: 02 (d\u1ea1ng momen xo\u1eafn)<\/li>\n<li>C\u00f4ng su\u1ea5t: 100W x 2<\/li>\n<li>03 t\u1ed1c \u0111\u1ed9<\/li>\n<li>C\u00f4ng su\u1ea5t h\u00fat: 600m3\/h<\/li>\n<li>\u1ed0ng h\u00fat phi 120mm<\/li>\n<li>\u0110\u00e8n chi\u1ebfu s\u00e1ng: 40W<\/li>\n<li>V\u1ecf Inox to\u00e0n ph\u1ea7n si\u00eau b\u1ec1n + k\u00ednh ch\u1ecbu l\u1ef1c<\/li>\n<li>\u0110\u1ed9 \u1ed3n t\u1ed1i \u0111a: &lt; 55Db<\/li>\n<\/ul>\n<h2>K\u00cdCH TH\u01af\u1edaC L\u1eaeP \u0110\u1eb6T S\u1ea2N PH\u1ea8M<\/h2>\n<p><img decoding=\"async\" src=\"https:\/\/hsn.vn\/images\/stories\/virtuemart\/product\/kich-thuoc-may-hut-mui-batani-ba-206ss.jpg\" alt=\"may-hut-mui-batani-ba-206ss.jpg_product_product\" \/><\/p>\n","protected":false},"excerpt":{"rendered":"<p>M\u00c1Y H\u00daT M\u00d9I C\u1ed4 \u0110I\u1ec2N | BATANI BA-206SS | INOX | 60CM | THI\u1ebeT K\u1ebe SANG TR\u1eccNG | H\u1ec6 \u0110I\u1ec0U KHI\u1ec2N PH\u00cdM B\u1ea4M | AN TO\u00c0N, B\u1ec0N B\u1ec8 V\u00c0 TI\u1ebeT KI\u1ec6M \u0110I\u1ec6N N\u0102NG | C\u00d9NG BATANI.VN T\u00ccM HI\u1ec2U K\u1ef8 H\u01a0N V\u1ec0 S\u1ea2N PH\u1ea8M N\u00c0Y. Kh\u00f4ng gian b\u1ebfp l\u00e0 n\u01a1i sinh ho\u1ea1t h\u1eb1ng ng\u00e0y c\u1ee7a m\u1ecdi [&#8230;]\n","protected":false},"featured_media":397,"comment_status":"open","ping_status":"closed","template":"","meta":[],"product_cat":[22],"product_tag":[],"class_list":{"0":"post-274","1":"product","2":"type-product","3":"status-publish","4":"has-post-thumbnail","6":"product_cat-may-hut-mui","8":"first","9":"instock","10":"shipping-taxable","11":"purchasable","12":"product-type-simple"},"yoast_head":"<!-- This site is optimized with the Yoast SEO plugin v18.8 - https:\/\/yoast.com\/wordpress\/plugins\/seo\/ -->\n<title>M\u00e1y h\u00fat m\u00f9i Batani BA-206SS - Batani<\/title>\n<meta name=\"robots\" content=\"index, follow, max-snippet:-1, max-image-preview:large, max-video-preview:-1\" \/>\n<link rel=\"canonical\" href=\"https:\/\/batani.vn\/?product=may-hut-mui-batani-ba-206ss\" \/>\n<meta property=\"og:locale\" content=\"vi_VN\" \/>\n<meta property=\"og:type\" content=\"article\" \/>\n<meta property=\"og:title\" content=\"M\u00e1y h\u00fat m\u00f9i Batani BA-206SS - Batani\" \/>\n<meta property=\"og:description\" content=\"M\u00c1Y H\u00daT M\u00d9I C\u1ed4 \u0110I\u1ec2N | BATANI BA-206SS | INOX | 60CM | THI\u1ebeT K\u1ebe SANG TR\u1eccNG | H\u1ec6 \u0110I\u1ec0U KHI\u1ec2N PH\u00cdM B\u1ea4M | AN TO\u00c0N, B\u1ec0N B\u1ec8 V\u00c0 TI\u1ebeT KI\u1ec6M \u0110I\u1ec6N N\u0102NG | C\u00d9NG BATANI.VN T\u00ccM HI\u1ec2U K\u1ef8 H\u01a0N V\u1ec0 S\u1ea2N PH\u1ea8M N\u00c0Y. Kh\u00f4ng gian b\u1ebfp l\u00e0 n\u01a1i sinh ho\u1ea1t h\u1eb1ng ng\u00e0y c\u1ee7a m\u1ecdi [...]\" \/>\n<meta property=\"og:url\" content=\"https:\/\/batani.vn\/?product=may-hut-mui-batani-ba-206ss\" \/>\n<meta property=\"og:site_name\" content=\"Batani\" \/>\n<meta property=\"article:modified_time\" content=\"2022-06-12T14:23:47+00:00\" \/>\n<meta property=\"og:image\" content=\"https:\/\/batani.vn\/wp-content\/uploads\/2022\/05\/may-hut-mui-batani-206ss.jpg\" \/>\n\t<meta property=\"og:image:width\" content=\"599\" \/>\n\t<meta property=\"og:image:height\" content=\"431\" \/>\n\t<meta property=\"og:image:type\" content=\"image\/jpeg\" \/>\n<meta name=\"twitter:card\" content=\"summary_large_image\" \/>\n<meta name=\"twitter:label1\" content=\"\u01af\u1edbc t\u00ednh th\u1eddi gian \u0111\u1ecdc\" \/>\n\t<meta name=\"twitter:data1\" content=\"4 ph\u00fat\" \/>\n<script type=\"application\/ld+json\" class=\"yoast-schema-graph\">{\"@context\":\"https:\/\/schema.org\",\"@graph\":[{\"@type\":\"WebSite\",\"@id\":\"https:\/\/batani.vn\/#website\",\"url\":\"https:\/\/batani.vn\/\",\"name\":\"Batani\",\"description\":\"Thi\u1ebft b\u1ecb nh\u00e0 b\u1ebfp cao c\u1ea5p Batani\",\"potentialAction\":[{\"@type\":\"SearchAction\",\"target\":{\"@type\":\"EntryPoint\",\"urlTemplate\":\"https:\/\/batani.vn\/?s={search_term_string}\"},\"query-input\":\"required name=search_term_string\"}],\"inLanguage\":\"vi\"},{\"@type\":\"ImageObject\",\"inLanguage\":\"vi\",\"@id\":\"https:\/\/batani.vn\/?product=may-hut-mui-batani-ba-206ss#primaryimage\",\"url\":\"https:\/\/batani.vn\/wp-content\/uploads\/2022\/05\/may-hut-mui-batani-206ss.jpg\",\"contentUrl\":\"https:\/\/batani.vn\/wp-content\/uploads\/2022\/05\/may-hut-mui-batani-206ss.jpg\",\"width\":599,\"height\":431},{\"@type\":\"WebPage\",\"@id\":\"https:\/\/batani.vn\/?product=may-hut-mui-batani-ba-206ss#webpage\",\"url\":\"https:\/\/batani.vn\/?product=may-hut-mui-batani-ba-206ss\",\"name\":\"M\u00e1y h\u00fat m\u00f9i Batani BA-206SS - Batani\",\"isPartOf\":{\"@id\":\"https:\/\/batani.vn\/#website\"},\"primaryImageOfPage\":{\"@id\":\"https:\/\/batani.vn\/?product=may-hut-mui-batani-ba-206ss#primaryimage\"},\"datePublished\":\"2022-05-16T06:51:44+00:00\",\"dateModified\":\"2022-06-12T14:23:47+00:00\",\"breadcrumb\":{\"@id\":\"https:\/\/batani.vn\/?product=may-hut-mui-batani-ba-206ss#breadcrumb\"},\"inLanguage\":\"vi\",\"potentialAction\":[{\"@type\":\"ReadAction\",\"target\":[\"https:\/\/batani.vn\/?product=may-hut-mui-batani-ba-206ss\"]}]},{\"@type\":\"BreadcrumbList\",\"@id\":\"https:\/\/batani.vn\/?product=may-hut-mui-batani-ba-206ss#breadcrumb\",\"itemListElement\":[{\"@type\":\"ListItem\",\"position\":1,\"name\":\"Trang ch\u1ee7\",\"item\":\"https:\/\/batani.vn\/\"},{\"@type\":\"ListItem\",\"position\":2,\"name\":\"C\u1eeda h\u00e0ng\",\"item\":\"https:\/\/batani.vn\/?page_id=6\"},{\"@type\":\"ListItem\",\"position\":3,\"name\":\"M\u00e1y h\u00fat m\u00f9i Batani BA-206SS\"}]}]}<\/script>\n<!-- \/ Yoast SEO plugin. -->","yoast_head_json":{"title":"M\u00e1y h\u00fat m\u00f9i Batani BA-206SS - Batani","robots":{"index":"index","follow":"follow","max-snippet":"max-snippet:-1","max-image-preview":"max-image-preview:large","max-video-preview":"max-video-preview:-1"},"canonical":"https:\/\/batani.vn\/?product=may-hut-mui-batani-ba-206ss","og_locale":"vi_VN","og_type":"article","og_title":"M\u00e1y h\u00fat m\u00f9i Batani BA-206SS - Batani","og_description":"M\u00c1Y H\u00daT M\u00d9I C\u1ed4 \u0110I\u1ec2N | BATANI BA-206SS | INOX | 60CM | THI\u1ebeT K\u1ebe SANG TR\u1eccNG | H\u1ec6 \u0110I\u1ec0U KHI\u1ec2N PH\u00cdM B\u1ea4M | AN TO\u00c0N, B\u1ec0N B\u1ec8 V\u00c0 TI\u1ebeT KI\u1ec6M \u0110I\u1ec6N N\u0102NG | C\u00d9NG BATANI.VN T\u00ccM HI\u1ec2U K\u1ef8 H\u01a0N V\u1ec0 S\u1ea2N PH\u1ea8M N\u00c0Y. Kh\u00f4ng gian b\u1ebfp l\u00e0 n\u01a1i sinh ho\u1ea1t h\u1eb1ng ng\u00e0y c\u1ee7a m\u1ecdi [...]","og_url":"https:\/\/batani.vn\/?product=may-hut-mui-batani-ba-206ss","og_site_name":"Batani","article_modified_time":"2022-06-12T14:23:47+00:00","og_image":[{"width":599,"height":431,"url":"https:\/\/batani.vn\/wp-content\/uploads\/2022\/05\/may-hut-mui-batani-206ss.jpg","type":"image\/jpeg"}],"twitter_card":"summary_large_image","twitter_misc":{"\u01af\u1edbc t\u00ednh th\u1eddi gian \u0111\u1ecdc":"4 ph\u00fat"},"schema":{"@context":"https:\/\/schema.org","@graph":[{"@type":"WebSite","@id":"https:\/\/batani.vn\/#website","url":"https:\/\/batani.vn\/","name":"Batani","description":"Thi\u1ebft b\u1ecb nh\u00e0 b\u1ebfp cao c\u1ea5p Batani","potentialAction":[{"@type":"SearchAction","target":{"@type":"EntryPoint","urlTemplate":"https:\/\/batani.vn\/?s={search_term_string}"},"query-input":"required name=search_term_string"}],"inLanguage":"vi"},{"@type":"ImageObject","inLanguage":"vi","@id":"https:\/\/batani.vn\/?product=may-hut-mui-batani-ba-206ss#primaryimage","url":"https:\/\/batani.vn\/wp-content\/uploads\/2022\/05\/may-hut-mui-batani-206ss.jpg","contentUrl":"https:\/\/batani.vn\/wp-content\/uploads\/2022\/05\/may-hut-mui-batani-206ss.jpg","width":599,"height":431},{"@type":"WebPage","@id":"https:\/\/batani.vn\/?product=may-hut-mui-batani-ba-206ss#webpage","url":"https:\/\/batani.vn\/?product=may-hut-mui-batani-ba-206ss","name":"M\u00e1y h\u00fat m\u00f9i Batani BA-206SS - Batani","isPartOf":{"@id":"https:\/\/batani.vn\/#website"},"primaryImageOfPage":{"@id":"https:\/\/batani.vn\/?product=may-hut-mui-batani-ba-206ss#primaryimage"},"datePublished":"2022-05-16T06:51:44+00:00","dateModified":"2022-06-12T14:23:47+00:00","breadcrumb":{"@id":"https:\/\/batani.vn\/?product=may-hut-mui-batani-ba-206ss#breadcrumb"},"inLanguage":"vi","potentialAction":[{"@type":"ReadAction","target":["https:\/\/batani.vn\/?product=may-hut-mui-batani-ba-206ss"]}]},{"@type":"BreadcrumbList","@id":"https:\/\/batani.vn\/?product=may-hut-mui-batani-ba-206ss#breadcrumb","itemListElement":[{"@type":"ListItem","position":1,"name":"Trang ch\u1ee7","item":"https:\/\/batani.vn\/"},{"@type":"ListItem","position":2,"name":"C\u1eeda h\u00e0ng","item":"https:\/\/batani.vn\/?page_id=6"},{"@type":"ListItem","position":3,"name":"M\u00e1y h\u00fat m\u00f9i Batani BA-206SS"}]}]}},"_links":{"self":[{"href":"https:\/\/batani.vn\/index.php?rest_route=\/wp\/v2\/product\/274","targetHints":{"allow":["GET"]}}],"collection":[{"href":"https:\/\/batani.vn\/index.php?rest_route=\/wp\/v2\/product"}],"about":[{"href":"https:\/\/batani.vn\/index.php?rest_route=\/wp\/v2\/types\/product"}],"replies":[{"embeddable":true,"href":"https:\/\/batani.vn\/index.php?rest_route=%2Fwp%2Fv2%2Fcomments&post=274"}],"wp:featuredmedia":[{"embeddable":true,"href":"https:\/\/batani.vn\/index.php?rest_route=\/wp\/v2\/media\/397"}],"wp:attachment":[{"href":"https:\/\/batani.vn\/index.php?rest_route=%2Fwp%2Fv2%2Fmedia&parent=274"}],"wp:term":[{"taxonomy":"product_cat","embeddable":true,"href":"https:\/\/batani.vn\/index.php?rest_route=%2Fwp%2Fv2%2Fproduct_cat&post=274"},{"taxonomy":"product_tag","embeddable":true,"href":"https:\/\/batani.vn\/index.php?rest_route=%2Fwp%2Fv2%2Fproduct_tag&post=274"}],"curies":[{"name":"wp","href":"https:\/\/api.w.org\/{rel}","templated":true}]}}